f k?
4
Let z = -267 - -1018. What is the hundreds digit of z?
7
Let h be (0 - 3)*(-1 - -13). Let k = h - -65. What is the units digit of k?
9
Suppose 3*o - 175 = -2*u, o - 47 = 5*u - 0*u. Suppose -6*i - o + 453 = 0. What is the units digit of i?
6
What is the thousands digit of (-4)/(-6) + 9201/9?
1
Let m be (3 - 31/(-5))*-5. Let l = m - -72. Suppose -d + 29 = 2*p, 4*d - 55 - l = -p. What is the units digit of d?
9
Let y(k) = k**3 - 9*k**2 - k + 11. Let l be y(9). Suppose 2*j = 3*r + 23, 14 = -4*r + l. What is the units digit of j?
7
Suppose 82 = -19*m + 21*m. Suppose -c + 73 = 4*k, 3*k + 2*c = -0*c + 61. Suppose -3*h + 142 = -5*w, -w + k = h - m. What is the tens digit of h?
5
Suppose 0 = m - 393 + 124. What is the tens digit of m?
6
Let q = -186 + 647. Suppose 3*g + 5*a = 329 + 334, 3*a = 2*g - q. What is the tens digit of g?
2
Let m(q) be the first derivative of -16*q**2 - 4. Let x be m(-1). Let l = x + -18. What is the tens digit of l?
1
Let p(s) = -s**3 + s**2 - 4*s - 7. Let j(c) = -2*c**3 + 3*c**2 - 7*c - 13. Let t(h) = -4*j(h) + 7*p(h). Suppose -o - 3 + 9 = 0. What is the units digit of t(o)?
9
Let b = 110 + 4. What is the tens digit of (b - -1*(-2 + 3))*1?
1
Let g(j) = -j - 18. Let d be g(-10). Let l(w) = -2*w**3 - 15*w**2 - 11*w - 20. What is the units digit of l(d)?
2
Let o(d) = 24*d + 246. What is the thousands digit of o(44)?
1
Let s(z) = -6*z + 1. Let c be s(2). Suppose -3*d = -212 + 107. Let v = d + c. What is the tens digit of v?
2
Suppose -5*f + 3*f = 0. Let w(j) = -2*j + 21. Let c be w(f). What is the units digit of c*(-1 - (-16)/12)?
7
What is the hundreds digit of ((-44)/10)/((-36)/18000)?
2
Suppose 0 = 67*z - 153*z + 1634. What is the units digit of z?
9
Suppose 148045 = -123*a + 152*a. What is the tens digit of a?
0
Suppose 4*m + s - 4 = 5*s, 0 = -3*m + 2*s - 2. Let f be 50 + m*(-4)/(-8). What is the tens digit of -3*1 + f/2?
2
Let z(v) = -v**2 - 6*v - 9. Let q be z(-4). What is the tens digit of q/6 - 1154/(-12)?
9
Let a = -361 - -536. What is the units digit of a?
5
Let n = 4303 - 1566. What is the hundreds digit of n?
7
Let o(r) = r**3 + 6*r**2 + 5*r + 7. Let w be o(-4). Let h be (-2)/(-10) - (-194)/5. Let q = w + h. What is the units digit of q?
8
Suppose -5*d + 7 = -23. Let g = d + 20. What is the tens digit of g?
2
Let u = 190 - 142. What is the tens digit of u?
4
Let g = -131 - -233. Suppose 5*x - 2*x = -g. Let n = x + 47. What is the units digit of n?
3
Let z(f) = -f + 5. Let y be z(5). Suppose -4*x - 8 + 84 = y. Suppose j - x - 7 = 0. What is the units digit of j?
6
Let m = 630 - 442. What is the hundreds digit of m?
1
Suppose 4*p + 0*p = -d + 725, -3*d + 5*p + 2141 = 0. What is the tens digit of d?
1
What is the tens digit of ((-51)/(-3))/((-141)/(-69) - 2)?
9
Let m be (5 - -1)*6/4. Suppose l = -2*l + 4*f + 8, l - m = -5*f. Suppose 0 = -l*j + 2*j + 32. What is the tens digit of j?
1
Let z(q) = 2*q**3 - 2*q**2 - 2*q + 2. Let n be z(2). Suppose k = n*k - 375. What is the tens digit of k?
7
Suppose 6*d + 95 = 11*d. Let a = 9 - d. What is the units digit of -6*a/(-6)*-2?
0
Let o = -14 - -34. Let n = 8 - 17. Let l = o + n. What is the units digit of l?
1
Suppose 16*p - 20*p = 4*l - 1916, -4*l = -3*p + 1465. Suppose 0*n - 2*d + p = 3*n, 0 = -5*n + 5*d + 780. What is the tens digit of n?
5
Suppose d + 646 = 4*s, d - 354 + 28 = -2*s. Let a = 179 + s. What is the tens digit of a?
4
Suppose 14*g - 26915 - 11613 = 0. What is the units digit of g?
2
Suppose 241167 = 50*s + 18267. What is the thousands digit of s?
4
Suppose 5*w - 529 = 4*p, 31 = w - 2*p - 70. Let o = 162 - w. What is the units digit of o?
3
Let q(a) = 12*a + 4. Let x(h) = 4*h**3 - h**2 + 2*h - 1. Let z be x(1). What is the units digit of q(z)?
2
Suppose -4*b = -2*r - 6, 8 = 2*r - 0*b + 3*b. Let v be 4/(-9 + r)*254. Let k = v + 178. What is the units digit of k?
1
Let k be -2 + (-16)/(-6) - 16/(-12). What is the hundreds digit of 1005/20*(6 - k)?
2
Let r be ((-9)/(-2))/(6/(-8)). Let g be r/8 + (-184)/(-32). Suppose g*p - 243 - 17 = 0. What is the tens digit of p?
5
Let j(m) = 5*m**2 - m + 2. Let k be j(1). Suppose 0 = -l + 1, -190 = -k*i + 3*i + 5*l. What is the units digit of i?
5
Suppose -12*k + 4*k + 136 = 0. What is the units digit of k?
7
Suppose 2*x - 822 = -4*l, -l - 2*l + 614 = 2*x. Suppose 4*k + 195 = y - 15, l = -4*k + 2*y. Let q = k - -84. What is the tens digit of q?
3
Let v be ((-4)/(-3))/(-4)*0. Let b = 4 - v. Suppose 4*r - b = 0, 6*o - 2*r = 3*o + 70. What is the tens digit of o?
2
Let x(t) = -t**2 - 5*t - 6. Let c be x(-4). Let l be c + 2/(8/(-268)). Let o = -40 - l. What is the units digit of o?
9
Suppose 2*j + 3*b + 7 = 0, 2*b = -j - 2*b - 16. Suppose -4*a = -16 - 4, j*z + 4 = 4*a. What is the units digit of z?
4
Suppose 5*u = -3*y - 15, 5*y = 5*u - 4*u + 3. Suppose 0 = -y*q - 4*q + 148. What is the units digit of q?
7
Let s(f) be the second derivative of f**5/20 + 4*f**4/3 + 3*f**3/2 + f**2/2 - 6*f. What is the units digit of s(-15)?
1
Let j(o) = 2*o - 2. Let h be j(1). Suppose h = 7*w - 4*w. Suppose 5*v - 19 - 66 = w. What is the tens digit of v?
1
Suppose -41*u + 319089 - 119501 = 0. What is the hundreds digit of u?
8
Let u(z) = -z**3 + 4*z**2 + 2*z - 3. Let l be u(4). Let q(b) = -b**3 + 9*b**2 - b - 6. What is the tens digit of q(l)?
8
Let y(j) = j**3 + j**2 - j - 7. Let x be y(0). Let k = 20 + x. Suppose 0 = 3*f - 47 - k. What is the tens digit of f?
2
Suppose -4*i - 3*f + 7 = 0, 2 = 3*i - 4*i + 3*f. What is the units digit of i/((-3)/(-72)) - 3?
1
Suppose 3*d = 3*k + 135, 5*d = -0*d + 2*k + 213. Suppose 4*p + o + 2*o = 109, 2*p - 3*o - d = 0. What is the units digit of p?
5
Let g be 75/(-2)*(-3 - -1). Suppose -85 = -3*p - u, -5*p + g = 3*u - 60. Suppose 0 = s - 3*s + p. What is the units digit of s?
5
Suppose -3*k + 7*j + 30 = 2*j, -2*k - 4*j = 2. Suppose i - 2*l + 116 = 4*i, -3*i = -k*l - 109. Let m = i - 22. What is the tens digit of m?
1
Let g = -5607 + 10275. What is the hundreds digit of g?
6
Let q(k) = 5*k**2 - 88*k + 1289. What is the hundreds digit of q(15)?
0
Let m(h) = 8 - 6 + 13 + 3*h + 0. What is the tens digit of m(19)?
7
Let l(x) = -5*x - 26. Let m(h) = h - 1. Let f(u) = -u + 2. Let s(w) = -2*f(w) - 3*m(w). Let a(d) = -l(d) + 6*s(d). What is the units digit of a(11)?
9
Suppose -8*y + 5216 = -2600. What is the hundreds digit of y?
9
Let y(z) = z**2 - z - 3. Let f be y(3). Suppose 3*w - f - 6 = 0. Let o(a) = 8*a - 4. What is the tens digit of o(w)?
2
Let v = 66 - 46. Suppose 3*y + s = -9 + v, -4*s = 16. What is the units digit of y?
5
Let w(r) = 7*r**2 + r - 2*r**3 - 4 - 4*r**2 + 2. Let p be w(-3). Let h = -14 + p. What is the tens digit of h?
6
Suppose 0 = -3*d + 16 - 1. Let b(s) = s**3 - 6*s**2 + s - 3. Let q be b(d). Let p = 32 + q. What is the units digit of p?
9
Suppose 0 = -3*z - z - 5*u + 1056, -3*z - 3*u + 792 = 0. Let i = 3 - z. What is the units digit of (i/(-27))/((-2)/(-6))?
9
Let c(n) = -8*n**2 + 3. Let w(o) = 7*o**2 - 3. Let d(j) = 4*c(j) + 5*w(j). What is the units digit of d(3)?
4
Suppose 0 = 13*g + 10*g - 7498. What is the tens digit of g?
2
Suppose -2*p - 3*p = -10. Suppose -o + 1 + 1 = c, p*c = 0. What is the tens digit of 6/3*(o + 9)?
2
Suppose 0 = w - 4*w + 2*w. Let i(y) = y**3 - 2*y**2 - 3*y + 96. What is the units digit of i(w)?
6
Let s be 9*1/15 + 47/5. Suppose s*m - 81 = 9*m. What is the tens digit of m?
8
Let z(a) = 124*a**3 - a**2 - a + 1. Let t be z(1). Suppose -3*s = -2*k + 5*k - 237, 2*s - t = 5*k. What is the units digit of s?
4
Let j(m) = -10*m - 3. Let a(w) = -w + 1. Let o(x) = -4*a(x) + j(x). What is the tens digit of o(-3)?
1
Let i = 9 + -5. Suppose 107 = -i*o - f - 29, 5*f = -o - 53. What is the units digit of o/22*76/(-3)?
8
Let n(h) = 2*h**3 + 5*h**2 - 12*h + 31. What is the tens digit of n(3)?
9
Suppose -5*i = 3*z - 54, -6*i + 2*i + 4*z + 56 = 0. What is the hundreds digit of 3/(-2*i/(-1120))?
1
Let w(k) be the second derivative of 7*k**4/12 - 2*k**3/3 + 25*k**2/2 - 20*k. What is the tens digit of w(4)?
2
Suppose -b = 3*p - 4*b, p + 12 = -3*b. Suppose -2*g + 2 - 20 = -4*h, -5*h = 3*g + 5. Let a = p - g. What is the units digit of a?
2
Let z be 132/(-3*1/2). Let c be z/(-9) + 18/81. Suppose -13*u = -c*u - 24. What is the units digit of u?
8
Suppose 11273 = 4*h - 3*y, -3*y + 1394 = h